b + 14. What is the remainder when u(6) is divided by 29?
27
Let g = 34 - 28. Let x(a) = 5*a - 25. Calculate the remainder when 42 is divided by x(g).
2
Let p = -334 + 411. Calculate the remainder when p is divided by 39.
38
Let i = 442 - 320. What is the remainder when 479 is divided by i?
113
Suppose 0 = 39*c - 11*c - 3444. What is the remainder when c is divided by 16?
11
What is the remainder when 2364 is divided by 1510/453*((-66)/(-4) - 0)?
54
What is the remainder when 12 is divided by 2/6*(-228)/(-19)?
0
Let y = -14 + 16. Suppose 2*n = -y*n - 12, 2*o - 23 = 5*n. Calculate the remainder when 13 is divided by o.
1
What is the remainder when 253 is divided by (-85)/(-3)*(-912)/(-380)?
49
Let p = 41 - 39. Suppose -6*a + p = -4*a. What is the remainder when 3 + (-1 - (-2 + 2)) is divided by a?
0
Let y = 245 + -147. Let n(l) = -6*l - 21. Suppose 26 = -3*p - w, 4*p + 40 = -p - 5*w. What is the remainder when y is divided by n(p)?
32
Let i = -78 - -114. Calculate the remainder when 350 is divided by i.
26
Calculate the remainder when ((-4)/10)/(4/(-26590)) is divided by 76.
75
Let u = -21 + 33. Let k(q) = q**2 - 7*q + 4. Let m be k(8). Let h = m + u. Calculate the remainder when h is divided by 13.
11
Let x be 1*(4/(-6))/(2/(-6)). Suppose 2*m + 3 - 17 = -x*q, -5*q = 4*m - 34. What is the remainder when 15 is divided by q?
3
What is the remainder when 77 is divided by 4*6 - 3*(5 - 7)?
17
Let a(x) = x**2 + 4*x - 7. Suppose -9*i - 30*i = -4329. Calculate the remainder when i is divided by a(-7).
13
Let r = -13 + 15. Let p be 2 + r - (-22)/1. Let z = p - 14. Calculate the remainder when z is divided by 5.
2
Let v = 338 + -323. What is the remainder when 69 is divided by v?
9
Suppose y = 5*y - 100. Suppose 0 = -3*v + 4*t + y, 6*t = 8*t + 2. Calculate the remainder when 11 is divided by v.
4
Let q be (-2)/(-4)*20/5. Suppose 16 = q*w + 6. Calculate the remainder when 14 is divided by w.
4
Let c(s) = -s**3 + 145. Let u be c(0). Let j = u + -108. What is the remainder when j is divided by 15?
7
Let i(u) = 29*u**3 - 30*u**3 - 1 - u + 2*u. Let n be i(3). Let f = n - -43. Calculate the remainder when 33 is divided by f.
15
Suppose 2*y + 206 = 2*g, 4*y + 0*y = g - 100. Suppose 0 = 5*o - g - 326. Let s = 140 + -118. What is the remainder when o is divided by s?
20
Let q(a) = 272*a + 10. Calculate the remainder when q(1) is divided by 71.
69
Let t(c) = c**2 + 2*c - 5. Suppose -38*x + 29 + 47 = 0. Calculate the remainder when t(-5) is divided by x.
0
Let c(w) be the first derivative of -w**3/3 + 8*w**2 + 4*w - 5. Let y be c(13). Suppose -5*f = -22 - y. What is the remainder when 50 is divided by f?
11
Suppose 5*g - 4*g + 3 = 0. Let r = 25 - 23. Calculate the remainder when 38 is divided by g/r + 29/2.
12
Let v(l) = 94*l**2 - l. Let g = -16 + 12. Let c(w) = w**2 + 3*w - 5. Let s be c(g). What is the remainder when v(s) is divided by 32?
31
Suppose x = 4*n - 17, 13 + 0 = 2*n + x. Suppose -3*q - 2*h = -0*h + 7, 0 = -3*q - n*h - 22. Let v = 345 + -343. Calculate the remainder when v is divided by q.
0
Suppose -11*n + 1039 = 192. What is the remainder when n is divided by 29?
19
Let q(r) = 15*r - 2. Let o be q(6). Suppose 4*v + 156 = -92. Let w = v + o. What is the remainder when w is divided by 9?
8
Suppose 3*u - 5*p - 225 = 0, -65 - 110 = -2*u - 5*p. What is the remainder when 5 - u/15 - 22/(-3) is divided by 1?
0
Suppose 31 - 1206 = -47*z. Calculate the remainder when z is divided by (3/2)/((-2)/(-4)).
1
Suppose 5*m - 17 = 18. Suppose 5*p - j = -2*j - 1, 3*j = -5*p + m. What is the remainder when (-10)/10 - (p - 34) is divided by 18?
16
Let o(z) = 113*z**2 - z - 2. Let y be o(-2). Let p = y + -320. Calculate the remainder when 19 is divided by (4/6)/(8/p).
8
Let l(m) = -m**3 - 8*m**2 - 10*m - 2. Let p(a) = -a**3 + 11*a**2 + 18*a + 20. Calculate the remainder when p(12) is divided by l(-7).
16
Let i(a) = 2*a**3 + 26*a**2 + 3. Let f be i(-13). Suppose -5*v + 30 = -d, 0 = -f*v + 2*d - d + 16. Calculate the remainder when 25 is divided by v.
4
Let f = 1400 - 1241. Calculate the remainder when f is divided by 25.
9
Let m(g) = 2*g**2 + g - 2. Let u = -216 + 223. Suppose 0 = u*f - 3 - 67. What is the remainder when f is divided by m(2)?
2
Let a(g) = 971*g**2 + 5*g - 1. What is the remainder when a(-1) is divided by 88?
85
Suppose -16*r + 3*l = -18*r + 13, -5*r = 3*l - 28. What is the remainder when 10 is divided by r?
0
Suppose 5*u - a = -102, 0*u + 5*u = 2*a - 99. Calculate the remainder when 182 is divided by (-1 - 0)*-111*(-7)/u.
34
Let t(n) be the first derivative of n**2/2 + 4*n - 3. Let j be t(9). Suppose 17 = 5*z - j. What is the remainder when 10 is divided by z?
4
Suppose -3*l = 3*q - 4032, 1356 = q - 5*l + 18. Calculate the remainder when 3*-1*q/(-51) is divided by 27.
25
Suppose w - 5*w = 3*r + 3, -w - 18 = -5*r. Suppose 2*t = 3*p - 34, 3*p = -2*p + r*t + 57. What is the remainder when 22 is divided by p?
10
Let p = 287 + -264. What is the remainder when 109 is divided by p?
17
Let z(a) = -a**3 + 48*a**2 + 3*a - 99. Calculate the remainder when 309 is divided by z(48).
39
Let u = 30 - 25. Suppose 3*d + 2 = -p, 23 = p - 2*d + u. Calculate the remainder when 19 is divided by p.
9
Let t = 9 - 6. Suppose t*g = z - 0*g - 10, 4*z - 5*g - 75 = 0. Suppose -48 = 4*u - 100. Calculate the remainder when z is divided by u.
12
Let u = -1221 - -1393. What is the remainder when u is divided by 51?
19
What is the remainder when (-125795)/(-2919) - -3*4/(-126) is divided by 2/(-6) + 28/3?
7
Let x be (-372)/(-8) - 1/2. Suppose -2*j + 3*u = -33, -5*j + u = -x - 17. Suppose 25*h - 28 = 21*h. Calculate the remainder when j is divided by h.
5
Let r = 273 - 147. Suppose 0 = -2*l - 4*l + r. Calculate the remainder when 81 is divided by l.
18
Let p = -51 + 76. Let m = -7 + p. Suppose 0 = 4*o - 156 + 20. Calculate the remainder when o is divided by m.
16
Let a be (-6 - 0)*(1 - 13/2). Let d = 58 - a. What is the remainder when 95 is divided by d?
20
What is the remainder when ((-30)/21)/(24/(-3444)) is divided by 21?
16
Suppose -3*s + 5*l - 8 - 1 = 0, -2*l = -s - 4. Suppose -4*y - 6*a = -4*a - 4, 2*a - 8 = 0. Calculate the remainder when 66 is divided by 85/(-10)*y*s.
15
Suppose 80 = -2*b - 2*b. Let x = b + 27. What is the remainder when 47 is divided by x?
5
Let u(n) be the first derivative of n**4/4 - 2*n**3/3 + 5*n**2/2 - 7. Calculate the remainder when u(4) is divided by 19.
14
Suppose 11*w + 556 = 13*w + 5*a, -3*w = 2*a - 823. What is the remainder when w is divided by 5?
3
Let a = -6 - -15. Suppose 3*t + 3 = a. Let w = 64 - 55. What is the remainder when w is divided by t?
1
Let g(l) = 22*l**3 - l**2 - l. Let c be g(-2). What is the remainder when c*((-2)/6 - (-4)/(-24)) is divided by 46?
43
Suppose 0 = 4*f - 5*m - 8538, 127*m = 123*m - 8. Calculate the remainder when f is divided by 22.
20
Suppose 0 = -b + q, -b = b + q. Suppose 25 = t - 2*v + 3*v, -t - 5*v + 37 = b. Suppose 0 = -5*j + t - 2. Calculate the remainder when 17 is divided by j.
1
Suppose -7*y + 2*y - 380 = 0. Let t = y - -94. Let i(b) = -10*b. Calculate the remainder when i(-7) is divided by t.
16
Let v = 782 + -769. What is the remainder when 830 is divided by v?
11
Let o(w) be the first derivative of 2*w**3/3 + w**2/2 + 5*w + 4. Let f = -7 + 20. What is the remainder when o(-5) is divided by f?
11
Suppose 206 + 54 = 5*k. Suppose 0 = 6*s - 103 - 11. What is the remainder when k is divided by s?
14
Let w(u) = -8*u + 47. What is the remainder when w(5) is divided by (-3)/(-5) + 132/30?
2
Suppose 13 = y - f, -y = -5*f - 6 - 27. Calculate the remainder when y is divided by 4.
0
Let v be ((-9)/(-12))/((-5)/20). Let p be -3 - 0 - (-9 - v). Calculate the remainder when 3 is divided by (-15)/(-10) + p/2.
0
Let h be 45/(-60) + (-945)/4. Let v = -138 - h. Let o = v - 70. Calculate the remainder when o is divided by 10.
9
Let z(k) be the third derivative of -k**4/12 + 9*k**2. Let h(p) = -p**3 - 6*p**2 - 4*p + 4. Calculate the remainder when h(-6) is divided by z(-5).
8
Let d = 11 - 7. Suppose 2*y - 54 = -d*u, 5*u - 42 = -y - 0*y. Calculate the remainder when 9/12 + y/4 is divided by 2.
1
Let g = 49 - 46. Calculate the remainder when 47 is divided by ((-4)/(-5)*-1)/(g/(-60)).
15
Let h = -69 - -135. What is the remainder